{"id":47,"date":"2023-09-15T19:46:13","date_gmt":"2023-09-15T19:46:13","guid":{"rendered":"https:\/\/courtspadel.com\/?page_id=47"},"modified":"2025-08-27T05:41:35","modified_gmt":"2025-08-27T03:41:35","slug":"venta-canchas-de-padel-colombia","status":"publish","type":"page","link":"https:\/\/padelcourtsmaster.uk\/index.php\/venta-canchas-de-padel-colombia\/","title":{"rendered":"Venta canchas de padel Colombia"},"content":{"rendered":"<section class=\"l-section wpb_row height_medium with_video with_vimeo\"><div id=\"us_bg_video_bc52\" class=\"l-section-video\"><script id=\"us_bg_video_bc52-script\">!function(w){var node = document.getElementById( 'us_bg_video_bc52' );if ( w.innerWidth <= 100 ) { node.remove() }}(window);<\/script><style>@media(max-width:100px){#us_bg_video_bc52{display:none!important}}<\/style><script class=\"vimeo_bc52\">\r\n\t\t\t\t\tvar script = document.createElement( \"script\" );\r\n\t\t\t\t\tscript.classList.add( \"vimeo_bc52\" );\r\n\t\t\t\t\tscript.src = \"https:\/\/player.vimeo.com\/api\/player.js\";\r\n\t\t\t\t\tscript.onload = function() {\r\n\t\t\t\t\t\tvar player = new Vimeo.Player( \"us_bg_video_bc52\", {\r\n\t\t\t\t\t\t\tid: \"1079230508\",\r\n\t\t\t\t\t\t\twidth: window.innerWidth,\r\n\t\t\t\t\t\t\t\"autopause\":false,\"controls\":false,\"autoplay\":true,\"byline\":false,\"loop\":true,\"muted\":true,\"title\":false\r\n\t\t\t\t\t\t} );\r\n\t\t\t\t\t\tplayer.ready().then( function() {\r\n\t\t\t\t\t\t\tplayer.element.allow = \"autoplay; fullscreen; picture-in-picture\";\r\n\t\t\t\t\t\t\tplayer.element.loading = \"lazy\";\r\n\t\t\t\t\t\t\tplayer.element.dispatchEvent( new Event( \"resize\", { bubbles: true } ) );\r\n\t\t\t\t\t\t} );\r\n\t\t\t\t\t\tdocument.querySelectorAll( \"script.vimeo_bc52\" ).forEach( function( node ) { node.remove() } );\r\n\t\t\t\t\t};\r\n\t\t\t\t\tdocument.head.append( script );\r\n\t\t\t\t<\/script><\/div><div class=\"l-section-h i-cf\"><div class=\"g-cols vc_row via_grid cols_1 laptops-cols_inherit tablets-cols_inherit mobiles-cols_1 valign_top type_default stacking_default\"><div class=\"wpb_column vc_column_container\"><div class=\"vc_column-inner\"><div class=\"w-separator size_huge\"><\/div><div class=\"w-separator size_huge\"><\/div><div class=\"wpb_text_column\"><div class=\"wpb_wrapper\"><p>[vc_empty_space height=\u00bb16&#8243;]<\/p>\n<\/div><\/div><\/div><\/div><\/div><\/div><\/section><section class=\"l-section wpb_row us_custom_e3b56419 layout-middle has_text_color height_medium\"><div class=\"l-section-h i-cf\"><div class=\"g-cols vc_row via_grid cols_2 laptops-cols_inherit tablets-cols_inherit mobiles-cols_1 valign_top type_default stacking_default\"><div class=\"wpb_column vc_column_container\"><div class=\"vc_column-inner\"><div class=\"wpb_text_column\"><div class=\"wpb_wrapper\"><p>[vc_single_image image=\u00bb52&#8243; img_size=\u00bbfull\u00bb alignment=\u00bbright\u00bb onclick=\u00bbcustom_link\u00bb link=\u00bbhttps:\/\/padelcourtsmaster.uk\/index.php\/panoramic-cancha-de-padel\/\u00bb]<\/p>\n<\/div><\/div><div class=\"w-image align_none\"><div class=\"w-image-h\"><img decoding=\"async\" width=\"1024\" height=\"584\" src=\"https:\/\/padelcourtsmaster.uk\/wp-content\/uploads\/2025\/08\/panoramic-1-1024x584.jpg\" class=\"attachment-large size-large\" alt=\"pista de padel profesonal panoramic\" loading=\"lazy\" srcset=\"https:\/\/padelcourtsmaster.uk\/wp-content\/uploads\/2025\/08\/panoramic-1-1024x584.jpg 1024w, https:\/\/padelcourtsmaster.uk\/wp-content\/uploads\/2025\/08\/panoramic-1-300x171.jpg 300w, https:\/\/padelcourtsmaster.uk\/wp-content\/uploads\/2025\/08\/panoramic-1.jpg 1200w\" sizes=\"auto, (max-width: 1024px) 100vw, 1024px\" \/><\/div><\/div><\/div><\/div><div class=\"wpb_column vc_column_container us_custom_c53fe118\"><div class=\"vc_column-inner\"><div class=\"w-separator size_medium\"><\/div><div class=\"wpb_text_column fix-width-right\"><div class=\"wpb_wrapper\"><h2 class=\"h1 font-family-body font-bold\" style=\"text-align: right;\"><strong><span style=\"color: #000000;\">PRO PANORAMIC<\/span><\/strong><\/h2>\n<p style=\"text-align: right; padding-top: 10px;\">La cancha de p\u00e1del m\u00e1s utilizada para todo tipo de usos, por ser un modelo muy robusto y un dise\u00f1o de lujo impecable.<\/p>\n<p style=\"text-align: right;\"><a href=\"https:\/\/padelcourtsmaster.uk\/index.php\/panoramic-cancha-de-padel\/\">ver mas<\/a><\/p>\n<\/div><\/div><\/div><\/div><\/div><\/div><\/section><section class=\"l-section wpb_row us_custom_fcc6989e layout-middle has_text_color height_medium\"><div class=\"l-section-h i-cf\"><div class=\"g-cols vc_row via_grid cols_2 laptops-cols_inherit tablets-cols_inherit mobiles-cols_1 valign_top type_default stacking_default\"><div class=\"wpb_column vc_column_container\"><div class=\"vc_column-inner\"><div class=\"w-separator size_medium\"><\/div><div class=\"wpb_text_column fix-width-left\"><div class=\"wpb_wrapper\"><h2 class=\"h1 font-family-body font-bold\" style=\"text-align: left;\"><strong><span style=\"color: #000000;\">PRO ELITE<\/span><\/strong><\/h2>\n<p style=\"text-align: left; padding-top: 10px;\">Cancha de lujo utilizada para clubes de mayor rendimiento y para competici\u00f3n por su amplia visi\u00f3n. Incorpora un perfil circular en sus esquinas para darle un aspecto m\u00e1s robusto y panor\u00e1mico.<\/p>\n<p><a href=\"https:\/\/padelcourtsmaster.uk\/index.php\/elite-padel-court\/\">ver mas<\/a><\/p>\n<\/div><\/div><\/div><\/div><div class=\"wpb_column vc_column_container\"><div class=\"vc_column-inner\"><div class=\"wpb_text_column\"><div class=\"wpb_wrapper\"><p>[vc_single_image image=\u00bb53&#8243; img_size=\u00bbfull\u00bb onclick=\u00bbcustom_link\u00bb link=\u00bbhttps:\/\/padelcourtsmaster.uk\/index.php\/elite-padel-court\/\u00bb]<\/p>\n<\/div><\/div><div class=\"w-image align_none\"><div class=\"w-image-h\"><img decoding=\"async\" width=\"1024\" height=\"584\" src=\"https:\/\/padelcourtsmaster.uk\/wp-content\/uploads\/2025\/08\/elite-court-1-1024x584.jpg\" class=\"attachment-large size-large\" alt=\"cancha de padel deluxe\" loading=\"lazy\" srcset=\"https:\/\/padelcourtsmaster.uk\/wp-content\/uploads\/2025\/08\/elite-court-1-1024x584.jpg 1024w, https:\/\/padelcourtsmaster.uk\/wp-content\/uploads\/2025\/08\/elite-court-1-300x171.jpg 300w, https:\/\/padelcourtsmaster.uk\/wp-content\/uploads\/2025\/08\/elite-court-1.jpg 1200w\" sizes=\"auto, (max-width: 1024px) 100vw, 1024px\" \/><\/div><\/div><\/div><\/div><\/div><\/div><\/section><section class=\"l-section wpb_row us_custom_9fac6ec1 layout-middle height_medium\"><div class=\"l-section-h i-cf\"><div class=\"g-cols vc_row via_grid cols_2 laptops-cols_inherit tablets-cols_inherit mobiles-cols_1 valign_top type_default stacking_default\"><div class=\"wpb_column vc_column_container\"><div class=\"vc_column-inner\"><div class=\"wpb_text_column\"><div class=\"wpb_wrapper\"><p>[vc_single_image image=\u00bb54&#8243; img_size=\u00bbfull\u00bb alignment=\u00bbright\u00bb onclick=\u00bbcustom_link\u00bb link=\u00bbhttps:\/\/padelcourtsmaster.uk\/index.php\/full-vision-panoramic-court\/\u00bb]<\/p>\n<\/div><\/div><div class=\"w-image align_none\"><div class=\"w-image-h\"><img decoding=\"async\" width=\"1024\" height=\"584\" src=\"https:\/\/padelcourtsmaster.uk\/wp-content\/uploads\/2025\/08\/premier-court-p1-1024x584.jpg\" class=\"attachment-large size-large\" alt=\"proveedor cancha de padel premier 2025 colombia\" loading=\"lazy\" srcset=\"https:\/\/padelcourtsmaster.uk\/wp-content\/uploads\/2025\/08\/premier-court-p1-1024x584.jpg 1024w, https:\/\/padelcourtsmaster.uk\/wp-content\/uploads\/2025\/08\/premier-court-p1-300x171.jpg 300w, https:\/\/padelcourtsmaster.uk\/wp-content\/uploads\/2025\/08\/premier-court-p1.jpg 1200w\" sizes=\"auto, (max-width: 1024px) 100vw, 1024px\" \/><\/div><\/div><\/div><\/div><div class=\"wpb_column vc_column_container us_custom_f904b664\"><div class=\"vc_column-inner\"><div class=\"w-separator size_medium\"><\/div><div class=\"wpb_text_column us_custom_4076faf9 fix-width-right has_text_color\"><div class=\"wpb_wrapper\"><h2 class=\"h1 font-family-body font-bold\" style=\"text-align: right;\"><strong><span style=\"color: #000000;\">FULL VISION<\/span><\/strong><\/h2>\n<p style=\"text-align: right; padding-top: 10px;\">Cancha panor\u00e1mica de lujo utilizada ampliamente para competencias y clubes profesionales por su amplia vista del juego fuera de la cancha.<\/p>\n<p style=\"text-align: right;\"><a href=\"https:\/\/padelcourtsmaster.uk\/index.php\/full-vision-panoramic-court\/\">ver mas<\/a><\/p>\n<\/div><\/div><\/div><\/div><\/div><\/div><\/section>\n","protected":false},"excerpt":{"rendered":"[vc_empty_space height=\u00bb16&#8243;] [vc_single_image image=\u00bb52&#8243; img_size=\u00bbfull\u00bb alignment=\u00bbright\u00bb onclick=\u00bbcustom_link\u00bb link=\u00bbhttps:\/\/padelcourtsmaster.uk\/index.php\/panoramic-cancha-de-padel\/\u00bb] PRO PANORAMIC La cancha de p\u00e1del m\u00e1s utilizada para todo tipo de usos, por ser un modelo muy robusto y un dise\u00f1o de lujo impecable. ver mas PRO ELITE Cancha de lujo utilizada para clubes de mayor rendimiento y para competici\u00f3n por su amplia visi\u00f3n. Incorpora un...","protected":false},"author":1,"featured_media":0,"parent":0,"menu_order":0,"comment_status":"closed","ping_status":"closed","template":"","meta":{"footnotes":""},"class_list":["post-47","page","type-page","status-publish","hentry"],"aioseo_notices":[],"_links":{"self":[{"href":"https:\/\/padelcourtsmaster.uk\/index.php\/wp-json\/wp\/v2\/pages\/47","targetHints":{"allow":["GET"]}}],"collection":[{"href":"https:\/\/padelcourtsmaster.uk\/index.php\/wp-json\/wp\/v2\/pages"}],"about":[{"href":"https:\/\/padelcourtsmaster.uk\/index.php\/wp-json\/wp\/v2\/types\/page"}],"author":[{"embeddable":true,"href":"https:\/\/padelcourtsmaster.uk\/index.php\/wp-json\/wp\/v2\/users\/1"}],"replies":[{"embeddable":true,"href":"https:\/\/padelcourtsmaster.uk\/index.php\/wp-json\/wp\/v2\/comments?post=47"}],"version-history":[{"count":13,"href":"https:\/\/padelcourtsmaster.uk\/index.php\/wp-json\/wp\/v2\/pages\/47\/revisions"}],"predecessor-version":[{"id":608,"href":"https:\/\/padelcourtsmaster.uk\/index.php\/wp-json\/wp\/v2\/pages\/47\/revisions\/608"}],"wp:attachment":[{"href":"https:\/\/padelcourtsmaster.uk\/index.php\/wp-json\/wp\/v2\/media?parent=47"}],"curies":[{"name":"wp","href":"https:\/\/api.w.org\/{rel}","templated":true}]}}